)?
0
Let u(n) = 1. Let s(b) be the second derivative of -b**3/6 + 7*b**2/2 + 3*b. Let g(c) = s(c) - 3*u(c). Suppose 2*r - 2 - 4 = 0. Give g(r).
1
Let n(c) be the second derivative of c**5/20 + c**4/2 + c**3 + 3*c**2 - 8*c. Let h be 3/(-9)*(-2 + 17). Give n(h).
1
Let i(s) = -s**2 - 5*s - 4. Let b be i(-3). Suppose f + 2 = 5*l, 0*f + l = f - b. Let n(r) = -r**2 + 1. Determine n(f).
-8
Let t(v) be the first derivative of -1 - 2/3*v**3 + 0*v**2 + 2*v. What is t(-2)?
-6
Let l be (2/2)/1 - -3. Suppose 2*b = -l - 0. Let v(d) = -d**2 + 3*d + 3. What is v(b)?
-7
Let q(r) = r + 2. Let z(v) = v - 10. Let t be z(15). Suppose -t*k + p + 0*p = 20, p + 10 = -5*k. What is q(k)?
-1
Let t = 11 + -4. Let h = 5 - t. Let r(b) be the third derivative of b**6/120 - b**4/12 - b**3/3 + 3*b**2. Determine r(h).
-6
Let n(u) = u**2 + 2*u + 3. Let r(d) = 4*d**3 - d + 1. Let w be r(1). Let f be (w/10)/((-1)/25). Let o = f - -8. Determine n(o).
3
Let o(i) = i**2 + i - 1. Let p(m) = 4*m**2 - 7*m. Let h(f) = 3*o(f) - p(f). Give h(10).
-3
Let t(q) be the first derivative of 0*q - 7/4*q**4 - 1 + 1/3*q**3 + 0*q**2. Calculate t(1).
-6
Let y be 14/(1/((-2)/4)). Let v(q) = 4*q**2 - q + 10. Let x(g) = 9*g**2 - 2*g + 20. Let w(u) = y*v(u) + 3*x(u). Calculate w(0).
-10
Let y(b) = -5*b - 155*b**2 + 156*b**2 + 2 - 7. Let w = 21 - 15. Give y(w).
1
Suppose 32*w - 21*w - 77 = 0. Let x(h) = h**2 - 6*h + 1. Calculate x(w).
8
Let g(c) = -5 + 6*c - c + 0*c. Let w(d) = 1. Let b(h) = -g(h) - 4*w(h). Calculate b(1).
-4
Let f = 2 - -2. Let q(p) = 6*p - 2 + 1 - f - p**2 + 1. Give q(3).
5
Let y(o) = -3*o**2 - 13*o - 10. Let l(v) = 7*v**2 + 26*v + 20. Let g(c) = -2*l(c) - 5*y(c). Calculate g(-12).
-2
Let z(s) = -s**2 - 5*s - 5. Let h(o) = o + 7 + 0*o - 6. Let t be h(-6). Give z(t).
-5
Suppose 2*g + 10 = s - 2*s, 14 = -3*s - 2*g. Let u = 6 + s. Suppose 3*f = z + 10, 2*f = -u*z + 2*z - 4. Let x(p) = p - 3. Determine x(f).
-1
Suppose 2*n + 3*n = 35. Let c = 8 - n. Let z(w) = w + w + 0 + 0 + c. Calculate z(-3).
-5
Let u(d) be the third derivative of -d**6/24 - d**4/12 - d**3/6 + 3*d**2. Let f(p) = 2*p + 3. Let v be f(-2). Give u(v).
6
Suppose -t - 1 + 5 = 0. Suppose 5*s - v = -9, -t*v + 9*v = s + 21. Let a(c) be the second derivative of c**3/3 + c**2/2 + 2*c. What is a(s)?
-1
Let p(q) be the second derivative of q**5/20 + 5*q**4/12 - 5*q**3/6 - 5*q**2/2 + 15*q. What is p(-6)?
-11
Let t(j) be the third derivative of 2/3*j**3 + j**2 + 0*j - 1/24*j**4 + 0. Calculate t(3).
1
Let n(k) = k**3. Suppose 11 = 2*d - 3*j, 3*d - 4*j = j + 17. Suppose -4 = -4*h + d. Determine n(h).
8
Let l(d) = -3*d - 4. Let q(s) = 4*s**3 + 1 + s + s - 3*s**3 + 3*s**2. Let n be q(-3). Determine l(n).
11
Let i(d) = -4*d - 81. Let x be i(-21). Let z(s) be the third derivative of -2/3*s**x + 0*s + 1/24*s**4 - s**2 + 0. Determine z(4).
0
Let h be 12/72 + (-2)/12. Let b(z) be the second derivative of 1/2*z**2 - 2*z + h - 2/3*z**3. Determine b(-1).
5
Let a(z) be the first derivative of -2*z**3 - 3*z**2 + 4*z - 1/4*z**4 + 2. Let j = 6 - 11. Determine a(j).
9
Let v(t) = -6 + 15*t - 10*t + 13 - 6*t. Determine v(8).
-1
Suppose -3*u + 3*r = 0, 0 = u - r - 2*r + 2. Let y(h) = 4 + h**2 - 9*h**3 + 8*h**3 - u. What is y(0)?
3
Let x(u) = 4*u**2 + 3 + 3 - u**3 - 3. Let r be x(4). Let b(o) = o + 2. Give b(r).
5
Let p(a) = -14*a**2 + 10*a + 5. Let t(c) = -5*c**2 + 3*c + 2. Let f(j) = -4*p(j) + 11*t(j). Determine f(6).
-4
Let x(j) = j**3 - 4*j**2 - 6*j - 2. Let i be x(5). Let c(k) = k**3 + 6*k**2 - 7*k + 5. Determine c(i).
5
Let f(j) = j**3 + 6*j**2 - 7*j + 5. Let m be f(-7). Let i(t) = -3 - m*t + 3 - t**3 + 7*t**2 - 1. Give i(6).
5
Let w be 2 + -4*(-2)/(-4). Let v = w - 2. Let l(j) = j**2 - 2. Determine l(v).
2
Let t(m) = 7*m + 2*m + m**2 + 8 + m - m. Let x be t(-8). Let s(b) = b**2 - b + 5. Give s(x).
5
Let q(v) = 7*v**3 + 8*v**2 - v**2 + 4 + 7*v**3 + 8*v - 13*v**3. Let m(k) = -3*k + 2 + 0 + 4. Let t be m(4). Give q(t).
-8
Let g = 3 + -1. Let p(z) = -z. Let h(k) = -6*k + 2. Let v(q) = -2*q**3 + q**2 + 2*q + 1. Let l be v(-1). Let w(s) = l*p(s) - h(s). What is w(g)?
6
Let x(i) = -i + i**2 + 5*i + 2*i + 6. Let s(u) = -u - 15. Let m be s(-11). Determine x(m).
-2
Let x = -6 - -7. Let q be (-1 + 17/1)/x. Suppose g + 14 = 4*c, 3*c + 3*g - g = q. Let b(j) = -2*j + 6. Determine b(c).
-2
Let o(b) be the first derivative of -b**3/6 - 2*b**2 - b - 2. Let k(y) be the first derivative of o(y). Let n be ((-4)/(-5))/(1/5). Determine k(n).
-8
Let k(d) = -3*d**2 + 5*d - 13. Let f be (-4)/6 - (-8)/3. Let t(u) = -u**2 + 2*u - 6. Let g(b) = f*k(b) - 5*t(b). What is g(0)?
4
Let g(m) be the third derivative of -m**7/1680 - m**6/360 + m**5/20 - m**2. Let l(h) be the third derivative of g(h). Give l(-3).
7
Let b(i) = -7*i**3 + 6*i**2 - 5. Let c(d) = 8*d**3 - 5*d**2 + 4. Let g(w) = 4*b(w) + 5*c(w). Suppose 2*y + 5 = -0*x + 3*x, 2*y + 7 = x. Give g(x).
-13
Let o(l) = l - 1. Let k(p) = -p**2 - 3*p + 8. Let x(u) = k(u) + 6*o(u). Suppose -8*h = -4*h - 8. Let t(a) = a + 2. Let i be t(h). Calculate x(i).
-2
Let k(t) = -t**2 - 7*t - 4. Suppose -3*r + 5*r + 10 = 0. Give k(r).
6
Suppose -n + 3 = -0. Let z(t) = 4 - 6*t**2 + 2*t + 6 + t**n - 4. Let v(h) = -h**2 - 8*h - 10. Let k be v(-5). What is z(k)?
-9
Let f(w) = w**3 + 4 + 3*w - 8*w + 5*w + 8*w**2. What is f(-8)?
4
Let r(h) be the first derivative of h**3/3 - 3*h**2 - 8*h + 17. Calculate r(6).
-8
Let t(s) = s**3 + 3*s**2 - s - 1. Let o be t(-2). Suppose 0 = o*x - 10. Let p(u) = u**2 + 4*u - 1 + 0*u + x*u. What is p(-6)?
-1
Suppose 45*i = 40*i + 5. Let o(s) = -46*s**2 + 10*s - 5. Let g(k) = 9*k**2 - 2*k + 1. Let d(p) = -11*g(p) - 2*o(p). Determine d(i).
-6
Let l(m) = 2*m**2 - 2*m - 2 - 1 - 3*m**2 - m. Give l(-2).
-1
Let r(u) = u**3 + 4*u**2 + 1. Suppose z + 4 = -0*z. Let x = 3 + -11. Let h = x - z. Give r(h).
1
Let r be 24/(-60)*5*-3. Let g(t) = 7*t**3 - 2*t**2 - 3*t - 6. Let o(b) = 20*b**3 - 5*b**2 - 8*b - 17. Let l(j) = r*o(j) - 17*g(j). Determine l(-3).
0
Suppose 0 = 4*x - 5*x. Suppose 2*k = -2*h, -4*h + x*h = -5*k. Let s(i) = -i + 3. Let r be s(k). Let u(w) = w**3 - 2*w**2 - w - 2. Determine u(r).
4
Let l(q) = -q**3 - 7*q**2 + 9*q + 9. Let r be l(-8). Let d = r - -1. Let a(n) = -n**2 - 3 - 1 + 2*n + 2. Determine a(d).
-2
Let i be (1/(9/(-6) - -1))/(-1). Let d(y) = 2*y**3 + 2*y**2 + 1. Calculate d(i).
25
Let t(g) be the first derivative of 4*g + 1/3*g**3 - 2 + 5/2*g**2. Calculate t(-3).
-2
Let d(s) be the second derivative of 1/2*s**4 - s**3 + 5*s + 1/20*s**5 + 0 + 2*s**2. Calculate d(-7).
-3
Let m(h) = -h**2 - 10*h + 2. Let v(o) = o**2 + o. Let y(g) = -m(g) - 4*v(g). Let f(x) = x**2 - x. Let p(c) = -5*f(c) - y(c). What is p(2)?
-8
Let v(g) = -4*g**2. Suppose -11 = 3*p + 2*a, 3*a + 8 + 8 = -4*p. Give v(p).
-4
Let o(p) = 4*p**3 - 5*p**3 + 0*p**3. Let u(n) = n**2 - n + 1. Let h be u(1). Suppose 0*r + h = -r. Calculate o(r).
1
Let z(i) = -i**2 - 5*i + 1. Let w be ((-6)/(-12))/((-2)/24). Calculate z(w).
-5
Let j(m) be the first derivative of -m**3/3 - 3*m**2/2 + 4*m + 2. Let z be j(-4). Suppose q + 4*q + 5 = z. Let r(x) = x**3 + x + 1. Give r(q).
-1
Let n(s) = -s**2 - 5*s - 3. Let w be n(-4). Let p(y) = 0*y**2 + 3*y + 1 + w + y**2 - 5. What is p(-5)?
7
Let d(f) = f - 4. Let m = -18 + 21. Determine d(m).
-1
Let w(y) = y**3 - 5*y**2 - 2*y + 1. Let x be (7 - 5)/((-2)/(-5)). What is w(x)?
-9
Let k(v) = 8*v. Suppose 0 = -25*z + 27*z + 2. Give k(z).
-8
Let s(m) = -m**3 - 2*m**2 + 3*m. Let l(w) = 2*w - 3. Let h(g) = -g + 3. Let q(d) = -7*h(d) - 6*l(d). Let t be q(-2). Suppose -3*c - 2 = t. Give s(c).
0
Let x(d) = d**2 - d. Let o(v) = -5*v**2 - 3. Let g(j) = o(j) + 4*x(j). What is g(-5)?
-8
Suppose -t - t = -4. Let c(w) = -4*w - 4 + 3*w - 1 + t*w. What is c(0)?
-5
Let l(b) = b**2 - b + 1. Let a(y) = -y**2 + 1. Let q(m) = -12*m**2 + 2*m - 1. Let s(d) = -5*a(d) + q(d). Let x(k) = -6*l(k) - s(k). Determine x(-4).
0
Let w(z) = z**2 + 7*z + 2. Let h be w(-6). Let t(o) be the third derivative of o**4/24 - o**3/3 + 17*o**2. Give t(h).
-6
Let t = 4 - -7. Let v(d) = 1 - 35*d - t*d**3 - 2*d**2 + 35*d. What is v(-1)?
10
Let q(x) be the first derivative of 7*x**4/4 + x**3/3 - x**2/2 - x - 1. Calculate q(-1).
-6
Let h(g) = -g. Let f(z) = 2*z - 4. Let o(m) = f(m) - 2*h(m). Let l(i) = -4*i + 3. Let w(v) = 5*l(v) + 4*o(v). Give w(2).
-9
Let f(g) = -g**3 